{"id":1722,"date":"2023-04-16T23:13:31","date_gmt":"2023-04-16T21:13:31","guid":{"rendered":"https:\/\/www.hoki-sushi-paris.com\/?page_id=1722"},"modified":"2023-04-23T00:38:30","modified_gmt":"2023-04-22T22:38:30","slug":"service-traiteur","status":"publish","type":"page","link":"https:\/\/www.hoki-sushi-paris.com\/index.php\/service-traiteur\/","title":{"rendered":"SERVICE TRAITEUR"},"content":{"rendered":"<p>&nbsp;<\/p>\n<p><img loading=\"lazy\" class=\"size-medium wp-image-1731 alignright\" src=\"http:\/\/www.hoki-sushi-paris.com\/wp-content\/uploads\/2023\/04\/hoki_traiteur-291x300.jpg\" alt=\"\" width=\"291\" height=\"300\" srcset=\"https:\/\/www.hoki-sushi-paris.com\/wp-content\/uploads\/2023\/04\/hoki_traiteur-291x300.jpg 291w, https:\/\/www.hoki-sushi-paris.com\/wp-content\/uploads\/2023\/04\/hoki_traiteur-768x791.jpg 768w, https:\/\/www.hoki-sushi-paris.com\/wp-content\/uploads\/2023\/04\/hoki_traiteur.jpg 800w\" sizes=\"(max-width: 291px) 100vw, 291px\" \/>Le restaurant HOKI SUSHI Paris Les Halles est heureux de vous proposer son nouveau service &#8220;traiteur&#8221; adapt\u00e9 de 20 \u00e0 200 personnes.<\/p>\n<p>Le plaisir de d\u00e9guster et de partager notre cuisine et nos plats avec vos amis ou collaborateurs \u00e0 votre domicile ou \u00e0 votre bureau \u00e0 l&#8217;occasion d&#8217;un d\u00eener priv\u00e9 ou professionnel.<\/p>\n<p>Trois formules sont propos\u00e9es :<\/p>\n<ul>\n<li>Enl\u00e8vement de votre commande directement \u00e0 notre restaurant<\/li>\n<li>Livraison de votre commande \u00e0 votre domicile ou \u00e0 votre bureau.<\/li>\n<li>Livraison &#8220;confort&#8221; avec la pr\u00e9sence d&#8217;un de nos serveurs qui r\u00e9alisera sur place selon vos d\u00e9sirs la mise en place et la pr\u00e9sentation des plats s\u00e9lectionn\u00e9s et des accompagnements.<\/li>\n<\/ul>\n<p>&nbsp;<\/p>\n<p><img loading=\"lazy\" class=\"size-medium wp-image-1726 alignleft\" src=\"http:\/\/www.hoki-sushi-paris.com\/wp-content\/uploads\/2023\/04\/hoki_traiteur2-300x225.jpg\" alt=\"\" width=\"300\" height=\"225\" srcset=\"https:\/\/www.hoki-sushi-paris.com\/wp-content\/uploads\/2023\/04\/hoki_traiteur2-300x225.jpg 300w, https:\/\/www.hoki-sushi-paris.com\/wp-content\/uploads\/2023\/04\/hoki_traiteur2-768x576.jpg 768w, https:\/\/www.hoki-sushi-paris.com\/wp-content\/uploads\/2023\/04\/hoki_traiteur2-400x300.jpg 400w, https:\/\/www.hoki-sushi-paris.com\/wp-content\/uploads\/2023\/04\/hoki_traiteur2.jpg 800w\" sizes=\"(max-width: 300px) 100vw, 300px\" \/><\/p>\n<p>Les boissons peuvent \u00e9galement \u00eatre fournies avec votre commande.<\/p>\n<p>Selon votre choix et votre s\u00e9lection, nous \u00e9tudierons un tarif d\u00e9gressif en fonction du nombre de personnes et du lieu.<\/p>\n<p>Notre savoir faire et notre professionnalisme faciliteront la r\u00e9ussite de votre \u00e9v\u00e8nement pour le plus grand plaisir de vos convives.<\/p>\n<p>Pour garder toutes leurs saveurs, les aliments seront conditionn\u00e9s et emball\u00e9s dans des contenants adapt\u00e9s selon la norme alimentaire : Agr\u00e9\u00e9 &#8220;contact alimentaire&#8221;<\/p>\n","protected":false},"excerpt":{"rendered":"<p>&nbsp; Le restaurant HOKI SUSHI Paris Les Halles est heureux de vous proposer son nouveau service &#8220;traiteur&#8221; adapt\u00e9 de 20 \u00e0 200 personnes. Le plaisir de d\u00e9guster et de partager notre cuisine et nos plats avec vos amis ou collaborateurs<\/p>\n","protected":false},"author":1,"featured_media":0,"parent":0,"menu_order":0,"comment_status":"closed","ping_status":"closed","template":"","meta":[],"_links":{"self":[{"href":"https:\/\/www.hoki-sushi-paris.com\/index.php\/wp-json\/wp\/v2\/pages\/1722"}],"collection":[{"href":"https:\/\/www.hoki-sushi-paris.com\/index.php\/wp-json\/wp\/v2\/pages"}],"about":[{"href":"https:\/\/www.hoki-sushi-paris.com\/index.php\/wp-json\/wp\/v2\/types\/page"}],"author":[{"embeddable":true,"href":"https:\/\/www.hoki-sushi-paris.com\/index.php\/wp-json\/wp\/v2\/users\/1"}],"replies":[{"embeddable":true,"href":"https:\/\/www.hoki-sushi-paris.com\/index.php\/wp-json\/wp\/v2\/comments?post=1722"}],"version-history":[{"count":8,"href":"https:\/\/www.hoki-sushi-paris.com\/index.php\/wp-json\/wp\/v2\/pages\/1722\/revisions"}],"predecessor-version":[{"id":1734,"href":"https:\/\/www.hoki-sushi-paris.com\/index.php\/wp-json\/wp\/v2\/pages\/1722\/revisions\/1734"}],"wp:attachment":[{"href":"https:\/\/www.hoki-sushi-paris.com\/index.php\/wp-json\/wp\/v2\/media?parent=1722"}],"curies":[{"name":"wp","href":"https:\/\/api.w.org\/{rel}","templated":true}]}}