{"id":1305,"date":"2018-03-29T18:29:19","date_gmt":"2018-03-29T16:29:19","guid":{"rendered":"http:\/\/www.hoki-sushi-paris.com\/?page_id=1305"},"modified":"2022-10-11T01:04:09","modified_gmt":"2022-10-10T23:04:09","slug":"bento","status":"publish","type":"page","link":"https:\/\/www.hoki-sushi-paris.com\/index.php\/menus\/bento\/","title":{"rendered":"BENTO"},"content":{"rendered":"<p>Servis avec soupe, salade et riz et caf\u00e9 ou th\u00e9 si mang\u00e9 sur place<\/p>\n<div class=\"mprm-container mprm-shortcode-items mprm-view-grid\">\n\t\t\t\t<div class=\"mprm-row\">\n\t\t\t\t<div class=\"mprm-remove-hentry mprm-columns mprm-three post-700 mp_menu_item type-mp_menu_item status-publish has-post-thumbnail mp_menu_category-menus-bento mp_ingredient-riz mp_ingredient-salade mp_ingredient-soupe mp_ingredient-cafe-ou-the-sur-place mp_ingredient-3-brochettes mp_ingredient-3-gyoza mp_ingredient-3-sushi-saumon mp_ingredient-9-sashimi-thon mp_ingredient-maquereau mp_ingredient-saumon mp_ingredient-thon mprm-theme-mode mp-menu-item\">\n\t\t<img width=\"400\" height=\"300\" src=\"https:\/\/www.hoki-sushi-paris.com\/wp-content\/uploads\/2018\/03\/B1_bento-400x300.jpg\" class=\"mprm-image\" alt=\"\" loading=\"lazy\" \/>\n\t<div class=\"mprm-content-container mprm-title\">\n\t\t\t\t\t<b>B1 - Brochettes, gyoza, sushi, sashimi<\/b>\n\t\t\t<\/div>\n\n\t<div class=\"mprm-ingredients mprm-content-container\">\n\t\t\t\t\t\t\t\t<span class=\"mprm-ingredient\">.1 riz<\/span>\n\t\t\t\t<span class=\"mprm-ingredients-delimiter\">\/<\/span>\n\t\t\t\t\t\t\t<span class=\"mprm-ingredient\">.1 salade<\/span>\n\t\t\t\t<span class=\"mprm-ingredients-delimiter\">\/<\/span>\n\t\t\t\t\t\t\t<span class=\"mprm-ingredient\">.1 soupe<\/span>\n\t\t\t\t<span class=\"mprm-ingredients-delimiter\">\/<\/span>\n\t\t\t\t\t\t\t<span class=\"mprm-ingredient\">.Caf\u00e9 ou th\u00e9 (sur place)<\/span>\n\t\t\t\t<span class=\"mprm-ingredients-delimiter\">\/<\/span>\n\t\t\t\t\t\t\t<span class=\"mprm-ingredient\">3 brochettes<\/span>\n\t\t\t\t<span class=\"mprm-ingredients-delimiter\">\/<\/span>\n\t\t\t\t\t\t\t<span class=\"mprm-ingredient\">3 gyoza (raviolis grill\u00e9s)<\/span>\n\t\t\t\t<span class=\"mprm-ingredients-delimiter\">\/<\/span>\n\t\t\t\t\t\t\t<span class=\"mprm-ingredient\">3 sushi (saumon<\/span>\n\t\t\t\t<span class=\"mprm-ingredients-delimiter\">\/<\/span>\n\t\t\t\t\t\t\t<span class=\"mprm-ingredient\">9 sashimi (thon<\/span>\n\t\t\t\t<span class=\"mprm-ingredients-delimiter\">\/<\/span>\n\t\t\t\t\t\t\t<span class=\"mprm-ingredient\">Maquereau<\/span>\n\t\t\t\t<span class=\"mprm-ingredients-delimiter\">\/<\/span>\n\t\t\t\t\t\t\t<span class=\"mprm-ingredient\">Saumon<\/span>\n\t\t\t\t<span class=\"mprm-ingredients-delimiter\">\/<\/span>\n\t\t\t\t\t\t\t<span class=\"mprm-ingredient\">Thon<\/span>\n\t\t\t\t<span class=\"mprm-ingredients-delimiter\">\/<\/span>\n\t\t\t\t<\/div>\n\t\t\t<div class=\"mprm-content-container\">\r\n\t\t\t<div class=\"mprm-price-container\">\r\n\t\t\t\t<span class=\"mprm-price\">&euro;19.50<\/span>\r\n\t\t\t<\/div>\r\n\t\t<\/div>\r\n\t\t<\/div>\n\t\t\t<div class=\"mprm-remove-hentry mprm-columns mprm-three post-704 mp_menu_item type-mp_menu_item status-publish has-post-thumbnail mp_menu_category-menus-bento mp_ingredient-riz mp_ingredient-salade mp_ingredient-soupe mp_ingredient-cafe-ou-the-sur-place mp_ingredient-2-tempura-crevettes mp_ingredient-3-gyoza mp_ingredient-3-sushi-saumon mp_ingredient-9-sashimi-thon mp_ingredient-maquereau mp_ingredient-saumon mp_ingredient-thon mprm-theme-mode mp-menu-item\">\n\t\t<img width=\"400\" height=\"300\" src=\"https:\/\/www.hoki-sushi-paris.com\/wp-content\/uploads\/2018\/03\/B2_bento-400x300.jpg\" class=\"mprm-image\" alt=\"\" loading=\"lazy\" \/>\n\t<div class=\"mprm-content-container mprm-title\">\n\t\t\t\t\t<b>B2 - Tempura, gyoza, sushi, sashimi<\/b>\n\t\t\t<\/div>\n\n\t<div class=\"mprm-ingredients mprm-content-container\">\n\t\t\t\t\t\t\t\t<span class=\"mprm-ingredient\">.1 riz<\/span>\n\t\t\t\t<span class=\"mprm-ingredients-delimiter\">\/<\/span>\n\t\t\t\t\t\t\t<span class=\"mprm-ingredient\">.1 salade<\/span>\n\t\t\t\t<span class=\"mprm-ingredients-delimiter\">\/<\/span>\n\t\t\t\t\t\t\t<span class=\"mprm-ingredient\">.1 soupe<\/span>\n\t\t\t\t<span class=\"mprm-ingredients-delimiter\">\/<\/span>\n\t\t\t\t\t\t\t<span class=\"mprm-ingredient\">.Caf\u00e9 ou th\u00e9 (sur place)<\/span>\n\t\t\t\t<span class=\"mprm-ingredients-delimiter\">\/<\/span>\n\t\t\t\t\t\t\t<span class=\"mprm-ingredient\">2 Tempura crevettes<\/span>\n\t\t\t\t<span class=\"mprm-ingredients-delimiter\">\/<\/span>\n\t\t\t\t\t\t\t<span class=\"mprm-ingredient\">3 gyoza (raviolis grill\u00e9s)<\/span>\n\t\t\t\t<span class=\"mprm-ingredients-delimiter\">\/<\/span>\n\t\t\t\t\t\t\t<span class=\"mprm-ingredient\">3 sushi (saumon<\/span>\n\t\t\t\t<span class=\"mprm-ingredients-delimiter\">\/<\/span>\n\t\t\t\t\t\t\t<span class=\"mprm-ingredient\">9 sashimi (thon<\/span>\n\t\t\t\t<span class=\"mprm-ingredients-delimiter\">\/<\/span>\n\t\t\t\t\t\t\t<span class=\"mprm-ingredient\">Maquereau<\/span>\n\t\t\t\t<span class=\"mprm-ingredients-delimiter\">\/<\/span>\n\t\t\t\t\t\t\t<span class=\"mprm-ingredient\">Saumon<\/span>\n\t\t\t\t<span class=\"mprm-ingredients-delimiter\">\/<\/span>\n\t\t\t\t\t\t\t<span class=\"mprm-ingredient\">Thon<\/span>\n\t\t\t\t<span class=\"mprm-ingredients-delimiter\">\/<\/span>\n\t\t\t\t<\/div>\n\t\t\t<div class=\"mprm-content-container\">\r\n\t\t\t<div class=\"mprm-price-container\">\r\n\t\t\t\t<span class=\"mprm-price\">&euro;19.50<\/span>\r\n\t\t\t<\/div>\r\n\t\t<\/div>\r\n\t\t<\/div>\n\t\t\t<div class=\"mprm-remove-hentry mprm-columns mprm-three post-707 mp_menu_item type-mp_menu_item status-publish has-post-thumbnail mp_menu_category-menus-bento mp_ingredient-riz mp_ingredient-salade mp_ingredient-soupe mp_ingredient-cafe-ou-the-sur-place mp_ingredient-3-gyoza mp_ingredient-3-sushi-saumon mp_ingredient-6-california-maki mp_ingredient-9-sashimi-thon mp_ingredient-maquereau mp_ingredient-saumon mp_ingredient-thon mprm-theme-mode mp-menu-item\">\n\t\t<img width=\"400\" height=\"300\" src=\"https:\/\/www.hoki-sushi-paris.com\/wp-content\/uploads\/2018\/03\/B3_bento-400x300.jpg\" class=\"mprm-image\" alt=\"\" loading=\"lazy\" \/>\n\t<div class=\"mprm-content-container mprm-title\">\n\t\t\t\t\t<b>B3 - Gyosa, California, sashimi, sushi<\/b>\n\t\t\t<\/div>\n\n\t<div class=\"mprm-ingredients mprm-content-container\">\n\t\t\t\t\t\t\t\t<span class=\"mprm-ingredient\">.1 riz<\/span>\n\t\t\t\t<span class=\"mprm-ingredients-delimiter\">\/<\/span>\n\t\t\t\t\t\t\t<span class=\"mprm-ingredient\">.1 salade<\/span>\n\t\t\t\t<span class=\"mprm-ingredients-delimiter\">\/<\/span>\n\t\t\t\t\t\t\t<span class=\"mprm-ingredient\">.1 soupe<\/span>\n\t\t\t\t<span class=\"mprm-ingredients-delimiter\">\/<\/span>\n\t\t\t\t\t\t\t<span class=\"mprm-ingredient\">.Caf\u00e9 ou th\u00e9 (sur place)<\/span>\n\t\t\t\t<span class=\"mprm-ingredients-delimiter\">\/<\/span>\n\t\t\t\t\t\t\t<span class=\"mprm-ingredient\">3 gyoza (raviolis grill\u00e9s)<\/span>\n\t\t\t\t<span class=\"mprm-ingredients-delimiter\">\/<\/span>\n\t\t\t\t\t\t\t<span class=\"mprm-ingredient\">3 sushi (saumon<\/span>\n\t\t\t\t<span class=\"mprm-ingredients-delimiter\">\/<\/span>\n\t\t\t\t\t\t\t<span class=\"mprm-ingredient\">6 California maki<\/span>\n\t\t\t\t<span class=\"mprm-ingredients-delimiter\">\/<\/span>\n\t\t\t\t\t\t\t<span class=\"mprm-ingredient\">9 sashimi (thon<\/span>\n\t\t\t\t<span class=\"mprm-ingredients-delimiter\">\/<\/span>\n\t\t\t\t\t\t\t<span class=\"mprm-ingredient\">Maquereau<\/span>\n\t\t\t\t<span class=\"mprm-ingredients-delimiter\">\/<\/span>\n\t\t\t\t\t\t\t<span class=\"mprm-ingredient\">Saumon<\/span>\n\t\t\t\t<span class=\"mprm-ingredients-delimiter\">\/<\/span>\n\t\t\t\t\t\t\t<span class=\"mprm-ingredient\">Thon<\/span>\n\t\t\t\t<span class=\"mprm-ingredients-delimiter\">\/<\/span>\n\t\t\t\t<\/div>\n\t\t\t<div class=\"mprm-content-container\">\r\n\t\t\t<div class=\"mprm-price-container\">\r\n\t\t\t\t<span class=\"mprm-price\">&euro;19.50<\/span>\r\n\t\t\t<\/div>\r\n\t\t<\/div>\r\n\t\t<\/div>\n\t\t\t<div class=\"mprm-remove-hentry mprm-columns mprm-three post-999 mp_menu_item type-mp_menu_item status-publish has-post-thumbnail mp_menu_category-menus-bento mp_ingredient-riz mp_ingredient-salade mp_ingredient-soupe mp_ingredient-cafe-ou-the-sur-place mp_ingredient-6-california-maki mp_ingredient-9-sashimi-thon mp_ingredient-edamame mp_ingredient-maquereau mp_ingredient-salade-d-algue-wakame mp_ingredient-saumon mprm-theme-mode mp-menu-item\">\n\t\t<img width=\"400\" height=\"300\" src=\"https:\/\/www.hoki-sushi-paris.com\/wp-content\/uploads\/2018\/03\/B4_bento-400x300.jpg\" class=\"mprm-image\" alt=\"\" loading=\"lazy\" \/>\n\t<div class=\"mprm-content-container mprm-title\">\n\t\t\t\t\t<b>B4 - California, \u00e9damame, sashimi, wakame<\/b>\n\t\t\t<\/div>\n\n\t<div class=\"mprm-ingredients mprm-content-container\">\n\t\t\t\t\t\t\t\t<span class=\"mprm-ingredient\">.1 riz<\/span>\n\t\t\t\t<span class=\"mprm-ingredients-delimiter\">\/<\/span>\n\t\t\t\t\t\t\t<span class=\"mprm-ingredient\">.1 salade<\/span>\n\t\t\t\t<span class=\"mprm-ingredients-delimiter\">\/<\/span>\n\t\t\t\t\t\t\t<span class=\"mprm-ingredient\">.1 soupe<\/span>\n\t\t\t\t<span class=\"mprm-ingredients-delimiter\">\/<\/span>\n\t\t\t\t\t\t\t<span class=\"mprm-ingredient\">.Caf\u00e9 ou th\u00e9 (sur place)<\/span>\n\t\t\t\t<span class=\"mprm-ingredients-delimiter\">\/<\/span>\n\t\t\t\t\t\t\t<span class=\"mprm-ingredient\">6 California maki<\/span>\n\t\t\t\t<span class=\"mprm-ingredients-delimiter\">\/<\/span>\n\t\t\t\t\t\t\t<span class=\"mprm-ingredient\">9 sashimi (thon<\/span>\n\t\t\t\t<span class=\"mprm-ingredients-delimiter\">\/<\/span>\n\t\t\t\t\t\t\t<span class=\"mprm-ingredient\">Edamame<\/span>\n\t\t\t\t<span class=\"mprm-ingredients-delimiter\">\/<\/span>\n\t\t\t\t\t\t\t<span class=\"mprm-ingredient\">Maquereau<\/span>\n\t\t\t\t<span class=\"mprm-ingredients-delimiter\">\/<\/span>\n\t\t\t\t\t\t\t<span class=\"mprm-ingredient\">Salade d&#039;algue (wakame)<\/span>\n\t\t\t\t<span class=\"mprm-ingredients-delimiter\">\/<\/span>\n\t\t\t\t\t\t\t<span class=\"mprm-ingredient\">Saumon<\/span>\n\t\t\t\t<span class=\"mprm-ingredients-delimiter\">\/<\/span>\n\t\t\t\t<\/div>\n\t\t\t<div class=\"mprm-content-container\">\r\n\t\t\t<div class=\"mprm-price-container\">\r\n\t\t\t\t<span class=\"mprm-price\">&euro;19.50<\/span>\r\n\t\t\t<\/div>\r\n\t\t<\/div>\r\n\t\t<\/div>\n\t\t\t\t<\/div>\n\t\t\t\t\t<div class=\"mprm-row\">\n\t\t\t\t<div class=\"mprm-remove-hentry mprm-columns mprm-three post-1207 mp_menu_item type-mp_menu_item status-publish has-post-thumbnail mp_menu_category-menus-bento mp_ingredient-riz mp_ingredient-soupe mp_ingredient-cafe-ou-the-sur-place mp_ingredient-2-tempura-crevettes mp_ingredient-3-gyoza mp_ingredient-4-nems mp_ingredient-4-vapeurs mprm-theme-mode mp-menu-item\">\n\t\t<img width=\"400\" height=\"300\" src=\"https:\/\/www.hoki-sushi-paris.com\/wp-content\/uploads\/2018\/03\/B5_bento-400x300.jpg\" class=\"mprm-image\" alt=\"\" loading=\"lazy\" \/>\n\t<div class=\"mprm-content-container mprm-title\">\n\t\t\t\t\t<b>B5 - Gyoza, nems, tempura, vapeur<\/b>\n\t\t\t<\/div>\n\n\t<div class=\"mprm-ingredients mprm-content-container\">\n\t\t\t\t\t\t\t\t<span class=\"mprm-ingredient\">.1 riz<\/span>\n\t\t\t\t<span class=\"mprm-ingredients-delimiter\">\/<\/span>\n\t\t\t\t\t\t\t<span class=\"mprm-ingredient\">.1 soupe<\/span>\n\t\t\t\t<span class=\"mprm-ingredients-delimiter\">\/<\/span>\n\t\t\t\t\t\t\t<span class=\"mprm-ingredient\">.Caf\u00e9 ou th\u00e9 (sur place)<\/span>\n\t\t\t\t<span class=\"mprm-ingredients-delimiter\">\/<\/span>\n\t\t\t\t\t\t\t<span class=\"mprm-ingredient\">2 Tempura crevettes<\/span>\n\t\t\t\t<span class=\"mprm-ingredients-delimiter\">\/<\/span>\n\t\t\t\t\t\t\t<span class=\"mprm-ingredient\">3 gyoza (raviolis grill\u00e9s)<\/span>\n\t\t\t\t<span class=\"mprm-ingredients-delimiter\">\/<\/span>\n\t\t\t\t\t\t\t<span class=\"mprm-ingredient\">4 N\u00eams<\/span>\n\t\t\t\t<span class=\"mprm-ingredients-delimiter\">\/<\/span>\n\t\t\t\t\t\t\t<span class=\"mprm-ingredient\">4 vapeurs<\/span>\n\t\t\t\t<span class=\"mprm-ingredients-delimiter\">\/<\/span>\n\t\t\t\t<\/div>\n\t\t\t<div class=\"mprm-content-container\">\r\n\t\t\t<div class=\"mprm-price-container\">\r\n\t\t\t\t<span class=\"mprm-price\">&euro;20.50<\/span>\r\n\t\t\t<\/div>\r\n\t\t<\/div>\r\n\t\t<\/div>\n\t\t\t\t<\/div>\n\t\t<\/div>\n","protected":false},"excerpt":{"rendered":"<p>Servis avec soupe, salade et riz et caf\u00e9 ou th\u00e9 si mang\u00e9 sur place<\/p>\n","protected":false},"author":1,"featured_media":1203,"parent":19,"menu_order":0,"comment_status":"closed","ping_status":"closed","template":"","meta":[],"_links":{"self":[{"href":"https:\/\/www.hoki-sushi-paris.com\/index.php\/wp-json\/wp\/v2\/pages\/1305"}],"collection":[{"href":"https:\/\/www.hoki-sushi-paris.com\/index.php\/wp-json\/wp\/v2\/pages"}],"about":[{"href":"https:\/\/www.hoki-sushi-paris.com\/index.php\/wp-json\/wp\/v2\/types\/page"}],"author":[{"embeddable":true,"href":"https:\/\/www.hoki-sushi-paris.com\/index.php\/wp-json\/wp\/v2\/users\/1"}],"replies":[{"embeddable":true,"href":"https:\/\/www.hoki-sushi-paris.com\/index.php\/wp-json\/wp\/v2\/comments?post=1305"}],"version-history":[{"count":5,"href":"https:\/\/www.hoki-sushi-paris.com\/index.php\/wp-json\/wp\/v2\/pages\/1305\/revisions"}],"predecessor-version":[{"id":1709,"href":"https:\/\/www.hoki-sushi-paris.com\/index.php\/wp-json\/wp\/v2\/pages\/1305\/revisions\/1709"}],"up":[{"embeddable":true,"href":"https:\/\/www.hoki-sushi-paris.com\/index.php\/wp-json\/wp\/v2\/pages\/19"}],"wp:featuredmedia":[{"embeddable":true,"href":"https:\/\/www.hoki-sushi-paris.com\/index.php\/wp-json\/wp\/v2\/media\/1203"}],"wp:attachment":[{"href":"https:\/\/www.hoki-sushi-paris.com\/index.php\/wp-json\/wp\/v2\/media?parent=1305"}],"curies":[{"name":"wp","href":"https:\/\/api.w.org\/{rel}","templated":true}]}}