{"id":13,"date":"2017-12-28T14:34:03","date_gmt":"2017-12-28T13:34:03","guid":{"rendered":"http:\/\/www.hoki-sushi-paris.com\/index.php\/home\/"},"modified":"2025-12-24T19:58:35","modified_gmt":"2025-12-24T18:58:35","slug":"accueil","status":"publish","type":"page","link":"https:\/\/www.hoki-sushi-paris.com\/","title":{"rendered":"ACCUEIL"},"content":{"rendered":"<blockquote><p>&nbsp;<\/p>\n<p style=\"text-align: center;\">Toute l&#8217;\u00e9quipe d&#8217;Hoki Sushi Paris les Halles vous souhaitent de bonnes f\u00eates de fin d&#8217;ann\u00e9e<\/p>\n<\/blockquote>\n<p>Adeptes de sushi, sashimi, yakitori, maki et autres sp\u00e9cialit\u00e9s japonaises&#8230; venez partager un moment de convivialit\u00e9 en famille ou entre amis autour de plats fra\u00eechement pr\u00e9par\u00e9s, dans un cadre de qualit\u00e9 au d\u00e9cor particuli\u00e8rement soign\u00e9.<\/p>\n<p class=\"text-block text-justify\" style=\"text-align: justify;\">Chez HOKI SUSHI Paris Les Halles, nous sommes fiers de vous proposer sans compromis des produits d\u2019une qualit\u00e9 et d\u2019une fra\u00eecheur irr\u00e9prochable et de les pr\u00e9parer dans le respect de notre tradition culinaire.<\/p>\n<p class=\"text-block text-justify\">Alors, installez-vous confortablement et consommez, sans mod\u00e9ration&#8230; Bon app\u00e9tit !<\/p>\n<p align=\"left\"><strong>Le restaurant japonais HOKI SUSHI Paris Les Halles est ouvert tous les jours :<\/strong><\/p>\n<ul>\n<li>service continu du lundi au samedi de 11h30 \u00e0 1h du matin<\/li>\n<li>service continu le dimanche de 11h30 \u00e0 minuit<\/li>\n<\/ul>\n<p align=\"left\">Retrouvez-nous au 22, rue Pierre Lescot (\u00e0 l&#8217;angle du 20, rue de la Grande Truanderie) &#8211; 75001 &#8211; PARIS &#8211; <strong>T\u00e9l : 01 42 21 48 06<\/strong><\/p>\n<p align=\"left\">Terrasse d&#8217;\u00e9t\u00e9 et d&#8217;hiver<\/p>\n<p>&nbsp;<\/p>\n<h5 style=\"text-align: center;\" align=\"left\">Happy Hour \u00e0 l&#8217;ardoise<\/h5>\n<p style=\"text-align: center;\" align=\"left\">du lundi au dimanche de 16h00 \u00e0 23h00<\/p>\n<h5 style=\"text-align: center;\" align=\"left\">Service traiteur<\/h5>\n<p style=\"text-align: center;\" align=\"left\">pour vos \u00e9v\u00e9nements priv\u00e9s ou professionnels (nous contacter au 01 42 21 48 06)<\/p>\n<p>&nbsp;<\/p>\n<h5 style=\"text-align: center;\">Plats \u00e0 emporter ou en livraison<\/h5>\n<p style=\"text-align: center;\">Pour commander : 01 42 21 48 06<br \/>\n<a href=\"https:\/\/www.hokisushilescot.fr\/menu\" target=\"_blank\" rel=\"noopener noreferrer\"><u>ou par notre application de commande en ligne<\/u><\/a><\/p>\n<p style=\"text-align: center;\">Livraison par <a href=\"https:\/\/www.ubereats.com\/paris\/food-delivery\/hoki-sushi\/tABKSFaYRbSDwO2lq12VYw\" target=\"_blank\" rel=\"noopener noreferrer\">Uber Eats<\/a> et par <a href=\"https:\/\/www.just-eat.fr\/menu\/hoki-sushi-paris\" target=\"_blank\" rel=\"noopener noreferrer\"> Just Eat<\/a><\/p>\n<p>&nbsp;<\/p>\n<p style=\"text-align: center;\">Click &amp; collect dispo au restaurant<\/p>\n<p><a href=\"https:\/\/www.hokisushilescot.fr\/menu\" target=\"_blank\" rel=\"noopener noreferrer\"><img loading=\"lazy\" class=\"size-medium wp-image-1590 aligncenter\" src=\"http:\/\/www.hoki-sushi-paris.com\/wp-content\/uploads\/2020\/11\/FB_clik-collect-208x300.jpg\" alt=\"\" width=\"208\" height=\"300\" srcset=\"https:\/\/www.hoki-sushi-paris.com\/wp-content\/uploads\/2020\/11\/FB_clik-collect-208x300.jpg 208w, https:\/\/www.hoki-sushi-paris.com\/wp-content\/uploads\/2020\/11\/FB_clik-collect-709x1024.jpg 709w, https:\/\/www.hoki-sushi-paris.com\/wp-content\/uploads\/2020\/11\/FB_clik-collect-768x1109.jpg 768w, https:\/\/www.hoki-sushi-paris.com\/wp-content\/uploads\/2020\/11\/FB_clik-collect.jpg 900w\" sizes=\"(max-width: 208px) 100vw, 208px\" \/><\/a><\/p>\n<p style=\"text-align: center;\"><span style=\"color: #000000;\">\u00a0<\/span><\/p>\n<p style=\"text-align: center;\"><div class=\"_3d-flip-book  fb3d-fullscreen-mode full-size\" data-id=\"1660\" data-mode=\"fullscreen\" data-title=\"false\" data-template=\"short-white-book-view\" data-lightbox=\"dark\" data-urlparam=\"fb3d-page\" data-page-n=\"0\" data-pdf=\"\" data-tax=\"null\" data-thumbnail=\"\" data-cols=\"3\"><\/div><script type=\"text\/javascript\">window.FB3D_CLIENT_DATA = window.FB3D_CLIENT_DATA || [];window.FB3D_CLIENT_DATA.push('eyJwb3N0cyI6eyIxNjYwIjp7IklEIjoxNjYwLCJ0aXRsZSI6Ik1lbnUgMjAyMiIsInR5cGUiOiJjdXN0b20iLCJyZWFkeV9mdW5jdGlvbiI6IiIsImJvb2tfc3R5bGUiOiJmbGF0IiwiZGF0YSI6eyJwZGZfcGFnZXMiOiIwIiwicG9zdF9JRCI6MCwiZ3VpZCI6IiIsInBhZ2VzX2N1c3RvbWl6YXRpb24iOiJhbGwifSwidGh1bWJuYWlsIjp7ImRhdGEiOnsicG9zdF9JRCI6IjE2NzkifSwidHlwZSI6Im1lZGlhSW1hZ2UifSwicHJvcHMiOnsiY2FjaGVkUGFnZXMiOiJhdXRvIiwicmVuZGVySW5hY3RpdmVQYWdlcyI6ImF1dG8iLCJyZW5kZXJJbmFjdGl2ZVBhZ2VzT25Nb2JpbGUiOiJhdXRvIiwicmVuZGVyV2hpbGVGbGlwcGluZyI6ImF1dG8iLCJwcmVsb2FkUGFnZXMiOiJhdXRvIiwicnRsIjoiYXV0byIsImludGVyYWN0aXZlQ29ybmVycyI6ImF1dG8iLCJzaGVldCI6eyJzdGFydFZlbG9jaXR5IjoiYXV0byIsIndhdmUiOiJhdXRvIiwic2hhcGUiOiJhdXRvIiwid2lkdGhUZXhlbHMiOiJhdXRvIiwiY29sb3IiOiJhdXRvIiwic2lkZSI6ImF1dG8iLCJjb3JuZXJEZXZpYXRpb24iOiJhdXRvIiwiZmxleGliaWxpdHkiOiJhdXRvIiwiZmxleGlibGVDb3JuZXIiOiJhdXRvIiwiYmVuZGluZyI6ImF1dG8iLCJoZWlnaHRUZXhlbHMiOiJhdXRvIn0sImNvdmVyIjp7IndhdmUiOiJhdXRvIiwiY29sb3IiOiJhdXRvIiwiYmluZGVyVGV4dHVyZSI6ImF1dG8iLCJkZXB0aCI6ImF1dG8iLCJwYWRkaW5nIjoiYXV0byIsInN0YXJ0VmVsb2NpdHkiOiJhdXRvIiwiZmxleGliaWxpdHkiOiJhdXRvIiwiZmxleGlibGVDb3JuZXIiOiJhdXRvIiwiYmVuZGluZyI6ImF1dG8iLCJ3aWR0aFRleGVscyI6ImF1dG8iLCJoZWlnaHRUZXhlbHMiOiJhdXRvIiwibWFzcyI6ImF1dG8iLCJzaWRlIjoiYXV0byIsInNoYXBlIjoiYXV0byJ9LCJwYWdlIjp7IndhdmUiOiJhdXRvIiwiY29sb3IiOiJhdXRvIiwiZGVwdGgiOiJhdXRvIiwic3RhcnRWZWxvY2l0eSI6ImF1dG8iLCJmbGV4aWJpbGl0eSI6ImF1dG8iLCJmbGV4aWJsZUNvcm5lciI6ImF1dG8iLCJiZW5kaW5nIjoiYXV0byIsIndpZHRoVGV4ZWxzIjoiYXV0byIsImhlaWdodFRleGVscyI6ImF1dG8iLCJtYXNzIjoiYXV0byIsInNpZGUiOiJhdXRvIiwic2hhcGUiOiJhdXRvIn0sImhlaWdodCI6ImF1dG8iLCJ3aWR0aCI6ImF1dG8iLCJncmF2aXR5IjoiYXV0byIsInBhZ2VzRm9yUHJlZGljdGluZyI6ImF1dG8ifSwiY29udHJvbFByb3BzIjp7ImFjdGlvbnMiOnsiY21kU2F2ZSI6eyJlbmFibGVkIjoiYXV0byIsImVuYWJsZWRJbk5hcnJvdyI6ImF1dG8ifSwiY21kUHJpbnQiOnsiZW5hYmxlZCI6ImF1dG8iLCJlbmFibGVkSW5OYXJyb3ciOiJhdXRvIn0sImNtZFNpbmdsZVBhZ2UiOnsiZW5hYmxlZCI6ImF1dG8iLCJlbmFibGVkSW5OYXJyb3ciOiJhdXRvIiwiYWN0aXZlIjoiYXV0byIsImFjdGl2ZUZvck1vYmlsZSI6ImF1dG8ifX19LCJhdXRvVGh1bWJuYWlsIjpudWxsLCJwb3N0X25hbWUiOiJtZW51LTIwMjIiLCJwb3N0X3R5cGUiOiIzZC1mbGlwLWJvb2sifX0sInBhZ2VzIjp7IjE2NjAiOlt7InBhZ2VfSUQiOiIyNSIsInBhZ2VfcG9zdF9JRCI6IjE2NjAiLCJwYWdlX3RpdGxlIjoiSG9raSBTdXNoaSBQYXJpcyBsZXMgSGFsbGVzIiwicGFnZV9zb3VyY2VfdHlwZSI6ImltYWdlIiwicGFnZV9zb3VyY2VfZGF0YSI6eyJwb3N0X0lEIjoiMTY2MSIsImd1aWQiOiJodHRwOlwvXC93d3cuaG9raS1zdXNoaS1wYXJpcy5jb21cL3dwLWNvbnRlbnRcL3VwbG9hZHNcLzIwMjJcLzEwXC9NZW51LTIwMjItMDEtMS5qcGcifSwicGFnZV90aHVtYm5haWxfdHlwZSI6ImF1dG8iLCJwYWdlX3RodW1ibmFpbF9kYXRhIjp7InBvc3RfSUQiOiIwIn0sInBhZ2VfbWV0YV9kYXRhIjp7ImNzc19sYXllciI6eyJjc3MiOiIiLCJodG1sIjoiIiwianMiOiIifX0sInBhZ2VfbnVtYmVyIjoiMCJ9LHsicGFnZV9JRCI6IjI2IiwicGFnZV9wb3N0X0lEIjoiMTY2MCIsInBhZ2VfdGl0bGUiOiJIb2tpIFN1c2hpIFBhcmlzIGxlcyBIYWxsZXMgLSBNZW51IHBhZ2UgMSIsInBhZ2Vfc291cmNlX3R5cGUiOiJpbWFnZSIsInBhZ2Vfc291cmNlX2RhdGEiOnsicG9zdF9JRCI6IjE2NTIiLCJndWlkIjoiaHR0cDpcL1wvd3d3Lmhva2ktc3VzaGktcGFyaXMuY29tXC93cC1jb250ZW50XC91cGxvYWRzXC8yMDIyXC8xMFwvTWVudS0yMDIyLTAxLmpwZyJ9LCJwYWdlX3RodW1ibmFpbF90eXBlIjoiYXV0byIsInBhZ2VfdGh1bWJuYWlsX2RhdGEiOnsicG9zdF9JRCI6IjAifSwicGFnZV9tZXRhX2RhdGEiOnsiY3NzX2xheWVyIjp7ImNzcyI6IiIsImh0bWwiOiIiLCJqcyI6IiJ9fSwicGFnZV9udW1iZXIiOiIxIn0seyJwYWdlX0lEIjoiMjciLCJwYWdlX3Bvc3RfSUQiOiIxNjYwIiwicGFnZV90aXRsZSI6Ikhva2kgU3VzaGkgUGFyaXMgbGVzIEhhbGxlcyAtIE1lbnUgcGFnZSAyIiwicGFnZV9zb3VyY2VfdHlwZSI6ImltYWdlIiwicGFnZV9zb3VyY2VfZGF0YSI6eyJwb3N0X0lEIjoiMTY1MyIsImd1aWQiOiJodHRwOlwvXC93d3cuaG9raS1zdXNoaS1wYXJpcy5jb21cL3dwLWNvbnRlbnRcL3VwbG9hZHNcLzIwMjJcLzEwXC9NZW51LTIwMjItMDIuanBnIn0sInBhZ2VfdGh1bWJuYWlsX3R5cGUiOiJhdXRvIiwicGFnZV90aHVtYm5haWxfZGF0YSI6eyJwb3N0X0lEIjoiMCJ9LCJwYWdlX21ldGFfZGF0YSI6eyJjc3NfbGF5ZXIiOnsiY3NzIjoiIiwiaHRtbCI6IiIsImpzIjoiIn19LCJwYWdlX251bWJlciI6IjIifSx7InBhZ2VfSUQiOiIyOCIsInBhZ2VfcG9zdF9JRCI6IjE2NjAiLCJwYWdlX3RpdGxlIjoiSG9raSBTdXNoaSBQYXJpcyBsZXMgSGFsbGVzIC0gTm9zIHBsYXRzIGNoYXVkcyIsInBhZ2Vfc291cmNlX3R5cGUiOiJpbWFnZSIsInBhZ2Vfc291cmNlX2RhdGEiOnsicG9zdF9JRCI6IjE2NTQiLCJndWlkIjoiaHR0cDpcL1wvd3d3Lmhva2ktc3VzaGktcGFyaXMuY29tXC93cC1jb250ZW50XC91cGxvYWRzXC8yMDIyXC8xMFwvTWVudS0yMDIyLTAzLmpwZyJ9LCJwYWdlX3RodW1ibmFpbF90eXBlIjoiYXV0byIsInBhZ2VfdGh1bWJuYWlsX2RhdGEiOnsicG9zdF9JRCI6IjAifSwicGFnZV9tZXRhX2RhdGEiOnsiY3NzX2xheWVyIjp7ImNzcyI6IiIsImh0bWwiOiIiLCJqcyI6IiJ9fSwicGFnZV9udW1iZXIiOiIzIn0seyJwYWdlX0lEIjoiMjkiLCJwYWdlX3Bvc3RfSUQiOiIxNjYwIiwicGFnZV90aXRsZSI6Ikhva2kgU3VzaGkgUGFyaXMgbGVzIEhhbGxlcyAtIE5vcyBzcFx1MDBlOWNpYXV4IDEiLCJwYWdlX3NvdXJjZV90eXBlIjoiaW1hZ2UiLCJwYWdlX3NvdXJjZV9kYXRhIjp7InBvc3RfSUQiOiIxNjU1IiwiZ3VpZCI6Imh0dHA6XC9cL3d3dy5ob2tpLXN1c2hpLXBhcmlzLmNvbVwvd3AtY29udGVudFwvdXBsb2Fkc1wvMjAyMlwvMTBcL01lbnUtMjAyMi0wNC5qcGcifSwicGFnZV90aHVtYm5haWxfdHlwZSI6ImF1dG8iLCJwYWdlX3RodW1ibmFpbF9kYXRhIjp7InBvc3RfSUQiOiIwIn0sInBhZ2VfbWV0YV9kYXRhIjp7ImNzc19sYXllciI6eyJjc3MiOiIiLCJodG1sIjoiIiwianMiOiIifX0sInBhZ2VfbnVtYmVyIjoiNCJ9LHsicGFnZV9JRCI6IjMwIiwicGFnZV9wb3N0X0lEIjoiMTY2MCIsInBhZ2VfdGl0bGUiOiJIb2tpIFN1c2hpIFBhcmlzIGxlcyBIYWxsZXMgLSBOb3Mgc3BcdTAwZTljaWF1eCAyIiwicGFnZV9zb3VyY2VfdHlwZSI6ImltYWdlIiwicGFnZV9zb3VyY2VfZGF0YSI6eyJwb3N0X0lEIjoiMTY1NiIsImd1aWQiOiJodHRwOlwvXC93d3cuaG9raS1zdXNoaS1wYXJpcy5jb21cL3dwLWNvbnRlbnRcL3VwbG9hZHNcLzIwMjJcLzEwXC9NZW51LTIwMjItMDUuanBnIn0sInBhZ2VfdGh1bWJuYWlsX3R5cGUiOiJhdXRvIiwicGFnZV90aHVtYm5haWxfZGF0YSI6eyJwb3N0X0lEIjoiMCJ9LCJwYWdlX21ldGFfZGF0YSI6eyJjc3NfbGF5ZXIiOnsiY3NzIjoiIiwiaHRtbCI6IiIsImpzIjoiIn19LCJwYWdlX251bWJlciI6IjUifSx7InBhZ2VfSUQiOiIzMSIsInBhZ2VfcG9zdF9JRCI6IjE2NjAiLCJwYWdlX3RpdGxlIjoiSG9raSBTdXNoaSBQYXJpcyBsZXMgSGFsbGVzIC0gTm9zIHNwXHUwMGU5Y2lhdXggMyIsInBhZ2Vfc291cmNlX3R5cGUiOiJpbWFnZSIsInBhZ2Vfc291cmNlX2RhdGEiOnsicG9zdF9JRCI6IjE2NTgiLCJndWlkIjoiaHR0cDpcL1wvd3d3Lmhva2ktc3VzaGktcGFyaXMuY29tXC93cC1jb250ZW50XC91cGxvYWRzXC8yMDIyXC8xMFwvTWVudS0yMDIyLTA2LmpwZyJ9LCJwYWdlX3RodW1ibmFpbF90eXBlIjoiYXV0byIsInBhZ2VfdGh1bWJuYWlsX2RhdGEiOnsicG9zdF9JRCI6IjAifSwicGFnZV9tZXRhX2RhdGEiOnsiY3NzX2xheWVyIjp7ImNzcyI6IiIsImh0bWwiOiIiLCJqcyI6IiJ9fSwicGFnZV9udW1iZXIiOiI2In0seyJwYWdlX0lEIjoiMzIiLCJwYWdlX3Bvc3RfSUQiOiIxNjYwIiwicGFnZV90aXRsZSI6Ikhva2kgU3VzaGkgUGFyaXMgbGVzIEhhbGxlcyAtIE5vcyBzcFx1MDBlOWNpYXV4IDQiLCJwYWdlX3NvdXJjZV90eXBlIjoiaW1hZ2UiLCJwYWdlX3NvdXJjZV9kYXRhIjp7InBvc3RfSUQiOiIxNjU5IiwiZ3VpZCI6Imh0dHA6XC9cL3d3dy5ob2tpLXN1c2hpLXBhcmlzLmNvbVwvd3AtY29udGVudFwvdXBsb2Fkc1wvMjAyMlwvMTBcL01lbnUtMjAyMi0wNy5qcGcifSwicGFnZV90aHVtYm5haWxfdHlwZSI6ImF1dG8iLCJwYWdlX3RodW1ibmFpbF9kYXRhIjp7InBvc3RfSUQiOiIwIn0sInBhZ2VfbWV0YV9kYXRhIjp7ImNzc19sYXllciI6eyJjc3MiOiIiLCJodG1sIjoiIiwianMiOiIifX0sInBhZ2VfbnVtYmVyIjoiNyJ9LHsicGFnZV9JRCI6IjMzIiwicGFnZV9wb3N0X0lEIjoiMTY2MCIsInBhZ2VfdGl0bGUiOiJIb2tpIFN1c2hpIFBhcmlzIGxlcyBIYWxsZXMgLSBOb3Mgc3BcdTAwZTljaWF1eCA1IiwicGFnZV9zb3VyY2VfdHlwZSI6ImltYWdlIiwicGFnZV9zb3VyY2VfZGF0YSI6eyJwb3N0X0lEIjoiMTY2MiIsImd1aWQiOiJodHRwOlwvXC93d3cuaG9raS1zdXNoaS1wYXJpcy5jb21cL3dwLWNvbnRlbnRcL3VwbG9hZHNcLzIwMjJcLzEwXC9NZW51LTIwMjItMDguanBnIn0sInBhZ2VfdGh1bWJuYWlsX3R5cGUiOiJhdXRvIiwicGFnZV90aHVtYm5haWxfZGF0YSI6eyJwb3N0X0lEIjoiMCJ9LCJwYWdlX21ldGFfZGF0YSI6eyJjc3NfbGF5ZXIiOnsiY3NzIjoiIiwiaHRtbCI6IiIsImpzIjoiIn19LCJwYWdlX251bWJlciI6IjgifSx7InBhZ2VfSUQiOiIzNCIsInBhZ2VfcG9zdF9JRCI6IjE2NjAiLCJwYWdlX3RpdGxlIjoiSG9raSBTdXNoaSBQYXJpcyBsZXMgSGFsbGVzIC0gTm9zIHNwXHUwMGU5Y2lhdXggNiIsInBhZ2Vfc291cmNlX3R5cGUiOiJpbWFnZSIsInBhZ2Vfc291cmNlX2RhdGEiOnsicG9zdF9JRCI6IjE2NjMiLCJndWlkIjoiaHR0cDpcL1wvd3d3Lmhva2ktc3VzaGktcGFyaXMuY29tXC93cC1jb250ZW50XC91cGxvYWRzXC8yMDIyXC8xMFwvTWVudS0yMDIyLTA5LmpwZyJ9LCJwYWdlX3RodW1ibmFpbF90eXBlIjoiYXV0byIsInBhZ2VfdGh1bWJuYWlsX2RhdGEiOnsicG9zdF9JRCI6IjAifSwicGFnZV9tZXRhX2RhdGEiOnsiY3NzX2xheWVyIjp7ImNzcyI6IiIsImh0bWwiOiIiLCJqcyI6IiJ9fSwicGFnZV9udW1iZXIiOiI5In0seyJwYWdlX0lEIjoiMzUiLCJwYWdlX3Bvc3RfSUQiOiIxNjYwIiwicGFnZV90aXRsZSI6Ikhva2kgU3VzaGkgUGFyaXMgbGVzIEhhbGxlcyAtIENldmljaGUgZXQgVGF0YWtpIiwicGFnZV9zb3VyY2VfdHlwZSI6ImltYWdlIiwicGFnZV9zb3VyY2VfZGF0YSI6eyJwb3N0X0lEIjoiMTY2NCIsImd1aWQiOiJodHRwOlwvXC93d3cuaG9raS1zdXNoaS1wYXJpcy5jb21cL3dwLWNvbnRlbnRcL3VwbG9hZHNcLzIwMjJcLzEwXC9NZW51LTIwMjItMTAuanBnIn0sInBhZ2VfdGh1bWJuYWlsX3R5cGUiOiJhdXRvIiwicGFnZV90aHVtYm5haWxfZGF0YSI6eyJwb3N0X0lEIjoiMCJ9LCJwYWdlX21ldGFfZGF0YSI6eyJjc3NfbGF5ZXIiOnsiY3NzIjoiIiwiaHRtbCI6IiIsImpzIjoiIn19LCJwYWdlX251bWJlciI6IjEwIn0seyJwYWdlX0lEIjoiMzYiLCJwYWdlX3Bvc3RfSUQiOiIxNjYwIiwicGFnZV90aXRsZSI6Ikhva2kgU3VzaGkgUGFyaXMgbGVzIEhhbGxlcyAtIFN0YXJ0ZXJzIDEiLCJwYWdlX3NvdXJjZV90eXBlIjoiaW1hZ2UiLCJwYWdlX3NvdXJjZV9kYXRhIjp7InBvc3RfSUQiOiIxNjY1IiwiZ3VpZCI6Imh0dHA6XC9cL3d3dy5ob2tpLXN1c2hpLXBhcmlzLmNvbVwvd3AtY29udGVudFwvdXBsb2Fkc1wvMjAyMlwvMTBcL01lbnUtMjAyMi0xMS5qcGcifSwicGFnZV90aHVtYm5haWxfdHlwZSI6ImF1dG8iLCJwYWdlX3RodW1ibmFpbF9kYXRhIjp7InBvc3RfSUQiOiIwIn0sInBhZ2VfbWV0YV9kYXRhIjp7ImNzc19sYXllciI6eyJjc3MiOiIiLCJodG1sIjoiIiwianMiOiIifX0sInBhZ2VfbnVtYmVyIjoiMTEifSx7InBhZ2VfSUQiOiIzNyIsInBhZ2VfcG9zdF9JRCI6IjE2NjAiLCJwYWdlX3RpdGxlIjoiSG9raSBTdXNoaSBQYXJpcyBsZXMgSGFsbGVzIC0gU3RhcnRlcnMgMiIsInBhZ2Vfc291cmNlX3R5cGUiOiJpbWFnZSIsInBhZ2Vfc291cmNlX2RhdGEiOnsicG9zdF9JRCI6IjE2NjYiLCJndWlkIjoiaHR0cDpcL1wvd3d3Lmhva2ktc3VzaGktcGFyaXMuY29tXC93cC1jb250ZW50XC91cGxvYWRzXC8yMDIyXC8xMFwvTWVudS0yMDIyLTEyLmpwZyJ9LCJwYWdlX3RodW1ibmFpbF90eXBlIjoiYXV0byIsInBhZ2VfdGh1bWJuYWlsX2RhdGEiOnsicG9zdF9JRCI6IjAifSwicGFnZV9tZXRhX2RhdGEiOnsiY3NzX2xheWVyIjp7ImNzcyI6IiIsImh0bWwiOiIiLCJqcyI6IiJ9fSwicGFnZV9udW1iZXIiOiIxMiJ9LHsicGFnZV9JRCI6IjM4IiwicGFnZV9wb3N0X0lEIjoiMTY2MCIsInBhZ2VfdGl0bGUiOiJIb2tpIFN1c2hpIFBhcmlzIGxlcyBIYWxsZXMgLSBQb2tlIEJvd2xzIiwicGFnZV9zb3VyY2VfdHlwZSI6ImltYWdlIiwicGFnZV9zb3VyY2VfZGF0YSI6eyJwb3N0X0lEIjoiMTY2NyIsImd1aWQiOiJodHRwOlwvXC93d3cuaG9raS1zdXNoaS1wYXJpcy5jb21cL3dwLWNvbnRlbnRcL3VwbG9hZHNcLzIwMjJcLzEwXC9NZW51LTIwMjItMTMuanBnIn0sInBhZ2VfdGh1bWJuYWlsX3R5cGUiOiJhdXRvIiwicGFnZV90aHVtYm5haWxfZGF0YSI6eyJwb3N0X0lEIjoiMCJ9LCJwYWdlX21ldGFfZGF0YSI6eyJjc3NfbGF5ZXIiOnsiY3NzIjoiIiwiaHRtbCI6IiIsImpzIjoiIn19LCJwYWdlX251bWJlciI6IjEzIn0seyJwYWdlX0lEIjoiMzkiLCJwYWdlX3Bvc3RfSUQiOiIxNjYwIiwicGFnZV90aXRsZSI6Ikhva2kgU3VzaGkgUGFyaXMgbGVzIEhhbGxlcyAtIEFjY29tcGFnbmVtZW50cyAtIFlha2l0b3JpIC0gU2FzaGltaSIsInBhZ2Vfc291cmNlX3R5cGUiOiJpbWFnZSIsInBhZ2Vfc291cmNlX2RhdGEiOnsicG9zdF9JRCI6IjE2NjgiLCJndWlkIjoiaHR0cDpcL1wvd3d3Lmhva2ktc3VzaGktcGFyaXMuY29tXC93cC1jb250ZW50XC91cGxvYWRzXC8yMDIyXC8xMFwvTWVudS0yMDIyLTE0LmpwZyJ9LCJwYWdlX3RodW1ibmFpbF90eXBlIjoiYXV0byIsInBhZ2VfdGh1bWJuYWlsX2RhdGEiOnsicG9zdF9JRCI6IjAifSwicGFnZV9tZXRhX2RhdGEiOnsiY3NzX2xheWVyIjp7ImNzcyI6IiIsImh0bWwiOiIiLCJqcyI6IiJ9fSwicGFnZV9udW1iZXIiOiIxNCJ9LHsicGFnZV9JRCI6IjQwIiwicGFnZV9wb3N0X0lEIjoiMTY2MCIsInBhZ2VfdGl0bGUiOiJIb2tpIFN1c2hpIFBhcmlzIGxlcyBIYWxsZXMgLSBNYWtpIC0gQ2FsaWZvcm5pYSBtYWtpIiwicGFnZV9zb3VyY2VfdHlwZSI6ImltYWdlIiwicGFnZV9zb3VyY2VfZGF0YSI6eyJwb3N0X0lEIjoiMTY2OSIsImd1aWQiOiJodHRwOlwvXC93d3cuaG9raS1zdXNoaS1wYXJpcy5jb21cL3dwLWNvbnRlbnRcL3VwbG9hZHNcLzIwMjJcLzEwXC9NZW51LTIwMjItMTUuanBnIn0sInBhZ2VfdGh1bWJuYWlsX3R5cGUiOiJhdXRvIiwicGFnZV90aHVtYm5haWxfZGF0YSI6eyJwb3N0X0lEIjoiMCJ9LCJwYWdlX21ldGFfZGF0YSI6eyJjc3NfbGF5ZXIiOnsiY3NzIjoiIiwiaHRtbCI6IiIsImpzIjoiIn19LCJwYWdlX251bWJlciI6IjE1In0seyJwYWdlX0lEIjoiNDEiLCJwYWdlX3Bvc3RfSUQiOiIxNjYwIiwicGFnZV90aXRsZSI6Ikhva2kgU3VzaGkgUGFyaXMgbGVzIEhhbGxlcyAtIFN1c2tpIC0gTWFraSBwcmludGVtcHMiLCJwYWdlX3NvdXJjZV90eXBlIjoiaW1hZ2UiLCJwYWdlX3NvdXJjZV9kYXRhIjp7InBvc3RfSUQiOiIxNjcwIiwiZ3VpZCI6Imh0dHA6XC9cL3d3dy5ob2tpLXN1c2hpLXBhcmlzLmNvbVwvd3AtY29udGVudFwvdXBsb2Fkc1wvMjAyMlwvMTBcL01lbnUtMjAyMi0xNi5qcGcifSwicGFnZV90aHVtYm5haWxfdHlwZSI6ImF1dG8iLCJwYWdlX3RodW1ibmFpbF9kYXRhIjp7InBvc3RfSUQiOiIwIn0sInBhZ2VfbWV0YV9kYXRhIjp7ImNzc19sYXllciI6eyJjc3MiOiIiLCJodG1sIjoiIiwianMiOiIifX0sInBhZ2VfbnVtYmVyIjoiMTYifSx7InBhZ2VfSUQiOiI0MiIsInBhZ2VfcG9zdF9JRCI6IjE2NjAiLCJwYWdlX3RpdGxlIjoiSG9raSBTdXNoaSBQYXJpcyBsZXMgSGFsbGVzIC0gQmVudG8iLCJwYWdlX3NvdXJjZV90eXBlIjoiaW1hZ2UiLCJwYWdlX3NvdXJjZV9kYXRhIjp7InBvc3RfSUQiOiIxNjcxIiwiZ3VpZCI6Imh0dHA6XC9cL3d3dy5ob2tpLXN1c2hpLXBhcmlzLmNvbVwvd3AtY29udGVudFwvdXBsb2Fkc1wvMjAyMlwvMTBcL01lbnUtMjAyMi0xNy5qcGcifSwicGFnZV90aHVtYm5haWxfdHlwZSI6ImF1dG8iLCJwYWdlX3RodW1ibmFpbF9kYXRhIjp7InBvc3RfSUQiOiIwIn0sInBhZ2VfbWV0YV9kYXRhIjp7ImNzc19sYXllciI6eyJjc3MiOiIiLCJodG1sIjoiIiwianMiOiIifX0sInBhZ2VfbnVtYmVyIjoiMTcifSx7InBhZ2VfSUQiOiI0MyIsInBhZ2VfcG9zdF9JRCI6IjE2NjAiLCJwYWdlX3RpdGxlIjoiSG9raSBTdXNoaSBQYXJpcyBsZXMgSGFsbGVzIC0gTWVudXMgY2xhc3NpcXVlcyAxIiwicGFnZV9zb3VyY2VfdHlwZSI6ImltYWdlIiwicGFnZV9zb3VyY2VfZGF0YSI6eyJwb3N0X0lEIjoiMTY3MiIsImd1aWQiOiJodHRwOlwvXC93d3cuaG9raS1zdXNoaS1wYXJpcy5jb21cL3dwLWNvbnRlbnRcL3VwbG9hZHNcLzIwMjJcLzEwXC9NZW51LTIwMjItMTguanBnIn0sInBhZ2VfdGh1bWJuYWlsX3R5cGUiOiJhdXRvIiwicGFnZV90aHVtYm5haWxfZGF0YSI6eyJwb3N0X0lEIjoiMCJ9LCJwYWdlX21ldGFfZGF0YSI6eyJjc3NfbGF5ZXIiOnsiY3NzIjoiIiwiaHRtbCI6IiIsImpzIjoiIn19LCJwYWdlX251bWJlciI6IjE4In0seyJwYWdlX0lEIjoiNDQiLCJwYWdlX3Bvc3RfSUQiOiIxNjYwIiwicGFnZV90aXRsZSI6Ikhva2kgU3VzaGkgUGFyaXMgbGVzIEhhbGxlcyAtIE1lbnVzIGNsYXNzaXF1ZXMgMiIsInBhZ2Vfc291cmNlX3R5cGUiOiJpbWFnZSIsInBhZ2Vfc291cmNlX2RhdGEiOnsicG9zdF9JRCI6IjE2NzMiLCJndWlkIjoiaHR0cDpcL1wvd3d3Lmhva2ktc3VzaGktcGFyaXMuY29tXC93cC1jb250ZW50XC91cGxvYWRzXC8yMDIyXC8xMFwvTWVudS0yMDIyLTE5LmpwZyJ9LCJwYWdlX3RodW1ibmFpbF90eXBlIjoiYXV0byIsInBhZ2VfdGh1bWJuYWlsX2RhdGEiOnsicG9zdF9JRCI6IjAifSwicGFnZV9tZXRhX2RhdGEiOnsiY3NzX2xheWVyIjp7ImNzcyI6IiIsImh0bWwiOiIiLCJqcyI6IiJ9fSwicGFnZV9udW1iZXIiOiIxOSJ9LHsicGFnZV9JRCI6IjQ1IiwicGFnZV9wb3N0X0lEIjoiMTY2MCIsInBhZ2VfdGl0bGUiOiJIb2tpIFN1c2hpIFBhcmlzIGxlcyBIYWxsZXMgLSBNZW51cyBjbGFzc2lxdWVzIDMiLCJwYWdlX3NvdXJjZV90eXBlIjoiaW1hZ2UiLCJwYWdlX3NvdXJjZV9kYXRhIjp7InBvc3RfSUQiOiIxNjc0IiwiZ3VpZCI6Imh0dHA6XC9cL3d3dy5ob2tpLXN1c2hpLXBhcmlzLmNvbVwvd3AtY29udGVudFwvdXBsb2Fkc1wvMjAyMlwvMTBcL01lbnUtMjAyMi0yMC5qcGcifSwicGFnZV90aHVtYm5haWxfdHlwZSI6ImF1dG8iLCJwYWdlX3RodW1ibmFpbF9kYXRhIjp7InBvc3RfSUQiOiIwIn0sInBhZ2VfbWV0YV9kYXRhIjp7ImNzc19sYXllciI6eyJjc3MiOiIiLCJodG1sIjoiIiwianMiOiIifX0sInBhZ2VfbnVtYmVyIjoiMjAifSx7InBhZ2VfSUQiOiI0NiIsInBhZ2VfcG9zdF9JRCI6IjE2NjAiLCJwYWdlX3RpdGxlIjoiSG9raSBTdXNoaSBQYXJpcyBsZXMgSGFsbGVzIC0gTWVudXMiLCJwYWdlX3NvdXJjZV90eXBlIjoiaW1hZ2UiLCJwYWdlX3NvdXJjZV9kYXRhIjp7InBvc3RfSUQiOiIxNjc1IiwiZ3VpZCI6Imh0dHA6XC9cL3d3dy5ob2tpLXN1c2hpLXBhcmlzLmNvbVwvd3AtY29udGVudFwvdXBsb2Fkc1wvMjAyMlwvMTBcL01lbnUtMjAyMi0yMS5qcGcifSwicGFnZV90aHVtYm5haWxfdHlwZSI6ImF1dG8iLCJwYWdlX3RodW1ibmFpbF9kYXRhIjp7InBvc3RfSUQiOiIwIn0sInBhZ2VfbWV0YV9kYXRhIjp7ImNzc19sYXllciI6eyJjc3MiOiIiLCJodG1sIjoiIiwianMiOiIifX0sInBhZ2VfbnVtYmVyIjoiMjEifSx7InBhZ2VfSUQiOiI0NyIsInBhZ2VfcG9zdF9JRCI6IjE2NjAiLCJwYWdlX3RpdGxlIjoiSG9raSBTdXNoaSBQYXJpcyBsZXMgSGFsbGVzIC0gUGxhdHMgdHJhZGl0aW9ubmVscyBqYXBvbmFpcyAtIEdyaWxsYWRlcyIsInBhZ2Vfc291cmNlX3R5cGUiOiJpbWFnZSIsInBhZ2Vfc291cmNlX2RhdGEiOnsicG9zdF9JRCI6IjE2NzYiLCJndWlkIjoiaHR0cDpcL1wvd3d3Lmhva2ktc3VzaGktcGFyaXMuY29tXC93cC1jb250ZW50XC91cGxvYWRzXC8yMDIyXC8xMFwvTWVudS0yMDIyLTIyLmpwZyJ9LCJwYWdlX3RodW1ibmFpbF90eXBlIjoiYXV0byIsInBhZ2VfdGh1bWJuYWlsX2RhdGEiOnsicG9zdF9JRCI6IjAifSwicGFnZV9tZXRhX2RhdGEiOnsiY3NzX2xheWVyIjp7ImNzcyI6IiIsImh0bWwiOiIiLCJqcyI6IiJ9fSwicGFnZV9udW1iZXIiOiIyMiJ9LHsicGFnZV9JRCI6IjQ4IiwicGFnZV9wb3N0X0lEIjoiMTY2MCIsInBhZ2VfdGl0bGUiOiJIb2tpIFN1c2hpIFBhcmlzIGxlcyBIYWxsZXMgLSBCYXRlYXV4IiwicGFnZV9zb3VyY2VfdHlwZSI6ImltYWdlIiwicGFnZV9zb3VyY2VfZGF0YSI6eyJwb3N0X0lEIjoiMTY3NyIsImd1aWQiOiJodHRwOlwvXC93d3cuaG9raS1zdXNoaS1wYXJpcy5jb21cL3dwLWNvbnRlbnRcL3VwbG9hZHNcLzIwMjJcLzEwXC9NZW51LTIwMjItMjMuanBnIn0sInBhZ2VfdGh1bWJuYWlsX3R5cGUiOiJhdXRvIiwicGFnZV90aHVtYm5haWxfZGF0YSI6eyJwb3N0X0lEIjoiMCJ9LCJwYWdlX21ldGFfZGF0YSI6eyJjc3NfbGF5ZXIiOnsiY3NzIjoiIiwiaHRtbCI6IiIsImpzIjoiIn19LCJwYWdlX251bWJlciI6IjIzIn1dfSwiZmlyc3RQYWdlcyI6W119');window.FB3D_CLIENT_LOCALE && window.FB3D_CLIENT_LOCALE.render();<\/script>\n<p>&nbsp;<\/p>\n<p>&nbsp;<\/p>\n<h5><span style=\"color: #800000;\"><strong>Un peu de vocabulaire&#8230;<\/strong><\/span><\/h5>\n<p><span style=\"color: #800000;\"><strong>Sushi<\/strong> :<\/span> d\u00e9licieux canap\u00e9 de riz avec des garnitures crues ou cuites.<\/p>\n<p><span style=\"color: #800000;\"><strong>Maki<\/strong> :<\/span> rouleau de feuilles d&#8217;algues s\u00e9ch\u00e9es entourant du riz vinaigr\u00e9, farcis par divers aliments<\/p>\n<p><span style=\"color: #800000;\"><strong>Maki printemps<\/strong> :<\/span> rouleaux de feuilles de riz\u00a0entourant du riz vinaigr\u00e9, farcis par divers aliments<\/p>\n<p><span style=\"color: #800000;\"><strong>California maki<\/strong> :<\/span> l\u00e9ger rouleau de riz garni, enrob\u00e9 de graines de s\u00e9same.<\/p>\n<p><span style=\"color: #800000;\"><strong>Sashimi :<\/strong><\/span> \u00a0mets traditionnel de la gastronomie japonaise,\u00a0compos\u00e9 de tranches de poisson cru<\/p>\n<p><span style=\"color: #800000;\"><strong>Yakitori :<\/strong><\/span> \u00a0brochettes cuites sur un gril, dont chaque morceau a la taille d&#8217;une bouch\u00e9e,<\/p>\n<p>&nbsp;<\/p>\n<p><em>Le Japon, comme la France, font partie de ces vieilles cultures dans lesquelles la gastronomie a \u00e9t\u00e9 \u00e9lev\u00e9e au rang d&#8217;un art majeur. Elle y poss\u00e8de, en plus, une signification philosophique, celle d&#8217;un lien harmonieux entre l&#8217;homme et la nature. C&#8217;est pourquoi les mets privil\u00e9gient les produits de saison et sont pr\u00e9par\u00e9s sans alt\u00e9rer le go\u00fbt naturel des aliments. Cela donne une cuisine l\u00e9g\u00e8re et saine qui concilie naturellement plaisir et di\u00e9t\u00e9tique, simplicit\u00e9, sophistication et esth\u00e9tique.*<\/em><br \/>\n<em>* La cuisine japonaise, et mieux encore, qui se m\u00e9dite ! Junichiro Tanizaki<\/em><\/p>\n","protected":false},"excerpt":{"rendered":"<p>&nbsp; Toute l&#8217;\u00e9quipe d&#8217;Hoki Sushi Paris les Halles vous souhaitent de bonnes f\u00eates de fin d&#8217;ann\u00e9e Adeptes de sushi, sashimi, yakitori, maki et autres sp\u00e9cialit\u00e9s japonaises&#8230; venez partager un moment de convivialit\u00e9 en famille ou entre amis autour de plats<\/p>\n","protected":false},"author":1,"featured_media":0,"parent":0,"menu_order":0,"comment_status":"closed","ping_status":"closed","template":"","meta":[],"_links":{"self":[{"href":"https:\/\/www.hoki-sushi-paris.com\/index.php\/wp-json\/wp\/v2\/pages\/13"}],"collection":[{"href":"https:\/\/www.hoki-sushi-paris.com\/index.php\/wp-json\/wp\/v2\/pages"}],"about":[{"href":"https:\/\/www.hoki-sushi-paris.com\/index.php\/wp-json\/wp\/v2\/types\/page"}],"author":[{"embeddable":true,"href":"https:\/\/www.hoki-sushi-paris.com\/index.php\/wp-json\/wp\/v2\/users\/1"}],"replies":[{"embeddable":true,"href":"https:\/\/www.hoki-sushi-paris.com\/index.php\/wp-json\/wp\/v2\/comments?post=13"}],"version-history":[{"count":50,"href":"https:\/\/www.hoki-sushi-paris.com\/index.php\/wp-json\/wp\/v2\/pages\/13\/revisions"}],"predecessor-version":[{"id":1738,"href":"https:\/\/www.hoki-sushi-paris.com\/index.php\/wp-json\/wp\/v2\/pages\/13\/revisions\/1738"}],"wp:attachment":[{"href":"https:\/\/www.hoki-sushi-paris.com\/index.php\/wp-json\/wp\/v2\/media?parent=13"}],"curies":[{"name":"wp","href":"https:\/\/api.w.org\/{rel}","templated":true}]}}